 -6*t(w) + 5*z(w). Is v(11) a multiple of 10?
True
Suppose 0*r = -5*r. Suppose 5*m + 3*a - 5*a - 98 = r, 4*m - 64 = -2*a. Let x = m + -8. Is x a multiple of 3?
False
Suppose p - 2*v = -p + 38, 2*v = 0. Is p even?
False
Suppose -3*x - 176 = -7*x. Is 12 a factor of x?
False
Suppose 8*r = 4*r + 8. Let i = r + -16. Is 14 a factor of 1/(13/i + 1)?
True
Suppose 638 - 30 = 4*q. Is q a multiple of 9?
False
Let k(z) = 16*z**2 + 3*z + 1. Is k(-3) a multiple of 31?
False
Let n be ((-1)/1)/((-2)/(-18)). Let o be (-390)/n - 2/(-3). Suppose h - t - 12 = 0, o = 5*h + 5*t - 2*t. Does 10 divide h?
True
Let g(p) = -35*p - 4. Does 53 divide g(-3)?
False
Suppose 888 = -3*r + 11*r. Does 19 divide r?
False
Suppose -3*f - 5*m = f - 201, 2*m - 230 = -5*f. Suppose -f = -w + 3*g, 3*g + 120 = 3*w - 0*w. Is 19 a factor of w?
True
Suppose -3 = 3*h, 0 = s + 3*s + 3*h - 229. Suppose -2 = 5*a - 12. Suppose -2*u - 4 = 0, -3*u + a*u + s = 4*z. Is 5 a factor of z?
True
Let v = -32 - -4. Let s(j) = j**2 + 48. Let u be s(0). Let m = u + v. Does 10 divide m?
True
Let c(z) = -z + 11. Is 7 a factor of c(-4)?
False
Let h(a) = 2*a**2 - 4*a - 1. Suppose 0*t - 5*t + 10 = 0. Suppose -3*f = t*z, -z - 3*f + 5 = f. Is 17 a factor of h(z)?
False
Let p be (-184)/(-40) + (-2)/(-5). Suppose p*r + 4*b - 160 = 0, -2*r - 5*b + 57 = -2*b. Does 18 divide r?
True
Let g be (-1)/2*(-4 + 4). Suppose n - 5 = 2*b, 4*b + 2*n - n + 7 = g. Does 11 divide -4*(-9 - b) + 0?
False
Suppose -2*p - 3*t - 3 = -2*t, -3*p + t - 2 = 0. Let c = p + 3. Suppose 0*f - w + 26 = c*f, 5*f - w - 72 = 0. Is 14 a factor of f?
True
Let q(f) = -3*f**3 + 3*f + 5. Let d(n) = -2*n**3 + 2*n + 5. Let x(m) = 4*d(m) - 3*q(m). Let g be x(0). Suppose -g*s = -2*s - 120. Is 12 a factor of s?
False
Let b = 6 - 5. Let k = b - 0. Is 22 a factor of (0 + k)*(45 + -1)?
True
Let v(n) = -n**3 - 9*n**2 + 3*n - 12. Does 14 divide v(-10)?
False
Suppose 25 = 2*q + 3*q. Suppose -y = d - 4*y - 32, -2*d + q*y + 60 = 0. Does 10 divide d?
True
Suppose -4*m = -479 - 153. Suppose -3*w + m = -109. Suppose 4*s + d - w = -s, -3*s - 2*d = -52. Is s a multiple of 18?
True
Let d = 2 + 16. Is d a multiple of 7?
False
Suppose 2*v - 3*h + 210 = 7*v, v = -h + 42. Suppose -3*d + v = 6. Is d a multiple of 12?
True
Let u(r) = 4*r - 13. Is 7 a factor of u(10)?
False
Let r = 97 - 189. Is 10 a factor of (-2 + 0)/(8/r)?
False
Suppose z - 4*s - 15 = 0, -3*z + s - 5 = -s. Is 4 a factor of (18 + -2)*z/(-10)?
True
Let z be (-2 + 2)*1 + 13. Suppose 5*d - 17 = z. Suppose -d*q + 2*q + 12 = 0. Is q even?
False
Suppose 4*i = 5*s - 193, -11 - 106 = -3*s + 3*i. Is s a multiple of 20?
False
Suppose l - 20 = -4*l. Suppose -3*x + 4*x = 4*c + 60, -l*c = 20. Is 14 a factor of x?
False
Suppose -d - 3*d = -20. Does 13 divide 30/6*(0 + d)?
False
Let d(h) = -42*h + 2. Let r(m) = m. Let t(j) = -d(j) + 6*r(j). Is 27 a factor of t(2)?
False
Let l = -1 - -8. Suppose l*r - 2*r = 35. Let q(c) = c**3 - 6*c**2 - 5*c - 9. Is q(r) even?
False
Suppose w + c = 5*w + 29, -5*c + 13 = 2*w. Let d(j) = j + 8. Let k be d(w). Suppose -5*g = 19 + 1, k*b = -g + 8. Is b a multiple of 3?
True
Let w = -65 - -20. Does 4 divide ((-3 + w)/(-4))/2?
False
Let r(g) = 2*g + 7. Is r(0) a multiple of 7?
True
Let y = -14 - -20. Let l be ((-99)/3)/((-3)/y). Let t = -47 + l. Is t a multiple of 7?
False
Let h = 26 - 11. Does 3 divide h?
True
Let a(f) = f**2 + 7*f. Does 13 divide a(6)?
True
Suppose 0 = -2*c + 3*o + 4, -2*c + 3*c - 5*o = 16. Let z(v) = -v**3 - 3*v**2 - 5. Is 11 a factor of z(c)?
True
Let r(t) = 7*t**2 + 2*t + 4. Let x be r(-4). Suppose 0*b - x = -4*b. Does 9 divide b?
True
Let b(f) = 4*f + 11. Let g be b(-8). Let n = 87 + g. Suppose 0 = a - n + 6. Is a a multiple of 20?
True
Let b be (-14)/(7/(-5) + 1). Suppose 3*x = -5*c + 58, 13 = -x - 3*c + b. Is x a multiple of 9?
False
Let u be 6*-1*(-6)/(-4). Let h = 13 - u. Is 6 a factor of h?
False
Suppose -v = -n - 1, -4 = 4*n - 0*n + 3*v. Let t be 8/(-4) - (-5 - n). Is t/6 + (-267)/(-9) a multiple of 13?
False
Is (169 - 3) + (6 - (-15)/(-3)) a multiple of 9?
False
Let c(z) be the second derivative of z**5/20 + 5*z**4/12 + 2*z**2 + 3*z. Is c(-3) a multiple of 22?
True
Let x(a) = -a**2 + 6*a + 4. Let t be x(-4). Let f = t - -64. Is 15 a factor of f?
False
Is 9 a factor of (-12)/(-2 - (-26)/16)?
False
Suppose 2*v + v - 3*u - 108 = 0, -4*v + u = -129. Let d = 8 + v. Is 12 a factor of d?
False
Suppose 0 = -3*h + 4 + 11. Suppose -3*l = -m + 30, 2*m - 30 = l - h*l. Is m a multiple of 7?
True
Let h(f) = 4*f + 4. Let l be h(-4). Let a be 6/(-9)*l*5. Let n = a - 22. Is n a multiple of 8?
False
Suppose -55*p + 336 = -52*p. Does 16 divide p?
True
Suppose -50 = -2*o + 180. Let n = 167 - o. Does 14 divide n?
False
Suppose 3*m - 6 = 3*q, 0*q = -m - 3*q + 10. Is 558/7 - m/(-14) a multiple of 16?
True
Suppose -2 + 8 = 2*t. Suppose -n + 3*b = 3*n - 16, 2*n - t*b = 8. Suppose 0 = n*g, g - 5*g - 45 = -3*z. Is z a multiple of 10?
False
Let p = 11 + 2. Let f(r) = 3*r + 9. Is 16 a factor of f(p)?
True
Suppose -4*y + 3*y = -30. Suppose -5*d - 4*b - 8 = -d, -5*d + 3*b + y = 0. Suppose d*z + 0*t - 29 = t, -5*z - 4*t + 37 = 0. Is z a multiple of 3?
True
Suppose -2*p - 3*d = 3, -8 = 4*p + d + 23. Let h be -3*1/(p/6). Suppose 28 = h*u - 4. Does 7 divide u?
False
Suppose q = -0*q + 3*p + 3, -2*q = -5*p - 7. Suppose 0 = q*i + i - 21. Does 3 divide i?
True
Does 8 divide 10 + (4/(-2) - 0)?
True
Let q = 18 + -12. Is q a multiple of 3?
True
Let w(h) be the second derivative of -1/20*h**5 - h + 3/2*h**2 - 1/2*h**4 + 0 - 5/6*h**3. Is w(-6) a multiple of 15?
False
Does 2 divide 6/4*(-4)/(-1)?
True
Suppose 2*b + 8 = 4*b. Suppose -b*j = -22 - 6. Suppose -d = -j - 19. Is d a multiple of 13?
True
Suppose -2*d + 15 = -63. Is d a multiple of 11?
False
Suppose 4*x - 123 = -3. Let y be (x/4)/((-2)/4). Let r = y - -21. Is 3 a factor of r?
True
Let b be 35 + -2 - (-2 + 2). Let z be (-2)/4 - b/(-6). Suppose 4*g + z*n - 35 = 0, 20 = 6*g - 3*g + 5*n. Is g a multiple of 11?
False
Suppose 2*w = 4*p - w - 512, w + 258 = 2*p. Is p a multiple of 47?
False
Let t be 1*(-1 + 0 + 66). Suppose 0 = 5*r - 15, 5*r - 453 = -4*z - 54. Let h = z - t. Does 15 divide h?
False
Let w = 3 + -3. Let o = w - -2. Suppose 37 = o*u - 27. Does 17 divide u?
False
Let f(r) = r**2 + r. Let c be f(2). Let q be 22/6 - (-2)/c. Suppose -q*u + t + 3*t = -216, -246 = -5*u - 3*t. Does 13 divide u?
False
Let l(a) = 28*a + 4. Does 15 divide l(2)?
True
Suppose 0*m - 112 = -2*y + 2*m, 0 = y - 3*m - 46. Is y a multiple of 11?
False
Let r = -36 + 24. Let j = r - -17. Is j a multiple of 2?
False
Suppose 2*f - 2 = 5*t, 5*t - 3*f + 5*f = 2. Suppose t = -5*g + g + 300. Suppose -4*s - 5*y + 59 = 0, -5*s - 8*y + g = -3*y. Is s a multiple of 9?
False
Suppose 0 = 2*s + 6*o - 2*o + 10, 0 = 4*s + 4*o. Suppose -92 = 3*r - s*r. Is r a multiple of 15?
False
Suppose -3*a = -1 + 25. Let p = -3 - a. Is p a multiple of 5?
True
Let f = 13 - 11. Suppose x = -b - 3*b + 227, f*x = -5*b + 286. Does 14 divide b?
True
Let l = -19 - -38. Suppose -3 = n - l. Does 8 divide n?
True
Suppose -u - 18 = -2*u. Is 9 a factor of u?
True
Suppose 5*k = -4*s + 5, 3*k + s = -0*k + 3. Let t(c) = 16*c**2 - 2*c + 1. Is 5 a factor of t(k)?
True
Suppose 0 = -5*n - 2*u + 708, -4*n + 2*u = -3*u - 573. Let v = n + -68. Does 20 divide v?
False
Does 13 divide (-51)/(-17) + 14*(0 - -7)?
False
Let p(y) = -9*y - 2. Is 13 a factor of p(-6)?
True
Let f(s) = s + 22. Is 20 a factor of f(17)?
False
Let b(z) = z**3 - z**2 - 3*z - 18. Let j(w) = -w - 1. Let m = 2 + 2. Let u(n) = m*j(n) - b(n). Does 14 divide u(0)?
True
Suppose 0 = 17*w - 11*w + 264. Suppose -5*a + 514 - 204 = 0. Let g = a + w. Is g a multiple of 9?
True
Let s be (-1 - -2) + -2 - -4. Suppose -5*z = -5*i + 40, -s*z + 16 = -3*i + 4*i. Is i a multiple of 7?
False
Let y(x) = -x**2 + x + 3. Let k be y(0). Suppose -124 = -4*a - 4*v, 3*a - k*v + 9 = 84. Is a a multiple of 14?
True
Let b(p) = 4*p**2 + 1. Let a be b(-1). Suppose 5*h = -a*r + 155, 3*h + 5*r - 106 = -3. Suppose -3*t + h + 16 = 0. Is t a multiple of 7?
True
Let i(p) = -p**3 - 16*p**2 + 3*p + 4. Is i(-17) a multiple of 22?
True
Let o(a) = -a**3 - a**2 - a + 35. Let h be o(0). Let c = 7 + h. Is 14 a factor of c?
True
Let d(l) be the second derivative of l**4/12 + l**2/2 - 3*l. Let t be d(-3). Suppose 